{"version":"1.0","provider_name":"Gesed","provider_url":"https:\/\/gesed.com","author_name":"YloGesed","author_url":"https:\/\/gesed.com\/index.php\/author\/admin2349\/","title":"Foire du Midi 2023 - Gesed","type":"rich","width":600,"height":338,"html":"<blockquote class=\"wp-embedded-content\" data-secret=\"pjpp1frfDp\"><a href=\"https:\/\/gesed.com\/index.php\/2023\/09\/26\/foire-du-midi-2023\/\">Foire du Midi 2023<\/a><\/blockquote><iframe sandbox=\"allow-scripts\" security=\"restricted\" src=\"https:\/\/gesed.com\/index.php\/2023\/09\/26\/foire-du-midi-2023\/embed\/#?secret=pjpp1frfDp\" width=\"600\" height=\"338\" title=\"\u00ab\u00a0Foire du Midi 2023\u00a0\u00bb &#8212; Gesed\" data-secret=\"pjpp1frfDp\" frameborder=\"0\" marginwidth=\"0\" marginheight=\"0\" scrolling=\"no\" class=\"wp-embedded-content\"><\/iframe><script>\n\/*! This file is auto-generated *\/\n!function(d,l){\"use strict\";l.querySelector&&d.addEventListener&&\"undefined\"!=typeof URL&&(d.wp=d.wp||{},d.wp.receiveEmbedMessage||(d.wp.receiveEmbedMessage=function(e){var t=e.data;if((t||t.secret||t.message||t.value)&&!\/[^a-zA-Z0-9]\/.test(t.secret)){for(var s,r,n,a=l.querySelectorAll('iframe[data-secret=\"'+t.secret+'\"]'),o=l.querySelectorAll('blockquote[data-secret=\"'+t.secret+'\"]'),c=new RegExp(\"^https?:$\",\"i\"),i=0;i<o.length;i++)o[i].style.display=\"none\";for(i=0;i<a.length;i++)s=a[i],e.source===s.contentWindow&&(s.removeAttribute(\"style\"),\"height\"===t.message?(1e3<(r=parseInt(t.value,10))?r=1e3:~~r<200&&(r=200),s.height=r):\"link\"===t.message&&(r=new URL(s.getAttribute(\"src\")),n=new URL(t.value),c.test(n.protocol))&&n.host===r.host&&l.activeElement===s&&(d.top.location.href=t.value))}},d.addEventListener(\"message\",d.wp.receiveEmbedMessage,!1),l.addEventListener(\"DOMContentLoaded\",function(){for(var e,t,s=l.querySelectorAll(\"iframe.wp-embedded-content\"),r=0;r<s.length;r++)(t=(e=s[r]).getAttribute(\"data-secret\"))||(t=Math.random().toString(36).substring(2,12),e.src+=\"#?secret=\"+t,e.setAttribute(\"data-secret\",t)),e.contentWindow.postMessage({message:\"ready\",secret:t},\"*\")},!1)))}(window,document);\n\/\/# sourceURL=https:\/\/gesed.com\/wp-includes\/js\/wp-embed.min.js\n<\/script>\n","thumbnail_url":"https:\/\/gesed.com\/wp-content\/uploads\/2024\/08\/WhatsApp-Image-2023-08-10-a-19.26.59.jpg","thumbnail_width":1512,"thumbnail_height":2016,"description":"\u201cLe 10 ao\u00fbt dernier, le GESED \u00e9tait invit\u00e9 par les forainx \u00e0 la journ\u00e9e des enfants malades. Gr\u00e2ce \u00e0 eux, nos jeunes membres ont pu profiter des attractions et des diff\u00e9rents man\u00e8ges de la Foire du Midi tout en d\u00e9gustant de d\u00e9licieux croustillons. Encore un grand merci \u00e0 tous les forains, \u00e0 la ville de Bruxelles et Fabian Maingain, \u00e9chevin des Affaires \u00e9conomiques et \u00e0 Brits Herbots et Dadday K, marraine et parrain, pour cette belle journ\u00e9e offerte.\u201d https:\/\/photos.google.com\/share\/AF1QipONoqZMR8m2TtkaOo_957PKSdvHrpVERv8_6whyzl6yHMBd3XjJitjIK_MBZAEMZA?key=Yk9qVWthTzFCSUxiclpYaWlCVlY3VUJKcC1PUF9R"}

“Le 10 août dernier, le GESED était invité par les forainx à la journée des enfants malades. Grâce à eux, nos jeunes membres ont pu profiter des attractions et des différents manèges de la Foire du Midi tout en dégustant de délicieux croustillons. Encore un grand merci à tous les forains, à la ville de Bruxelles et Fabian Maingain, échevin des Affaires économiques et à Brits Herbots et Dadday K, marraine et parrain, pour cette belle journée offerte.” https://photos.google.com/share/AF1QipONoqZMR8m2TtkaOo_957PKSdvHrpVERv8_6whyzl6yHMBd3XjJitjIK_MBZAEMZA?key=Yk9qVWthTzFCSUxiclpYaWlCVlY3VUJKcC1PUF9R
