{"id":4719,"date":"2024-09-24T14:00:35","date_gmt":"2024-09-24T12:00:35","guid":{"rendered":"https:\/\/gesed.org\/?page_id=4719"},"modified":"2024-09-25T09:45:48","modified_gmt":"2024-09-25T07:45:48","slug":"musicotherapie-pour-la-gestion-des-douleurs","status":"publish","type":"page","link":"https:\/\/gesed.com\/index.php\/le-sed\/musicotherapie-pour-la-gestion-des-douleurs\/","title":{"rendered":"Musicoth\u00e9rapie pour la gestion des douleurs"},"content":{"rendered":"\t\t<div data-elementor-type=\"wp-page\" data-elementor-id=\"4719\" class=\"elementor elementor-4719\" wpc-filter-elementor-widget=\"1\">\n\t\t\t\t<div class=\"elementor-element elementor-element-3d903bd e-flex e-con-boxed wpr-particle-no wpr-jarallax-no wpr-parallax-no wpr-sticky-section-no wpr-column-slider-no wpr-equal-height-no e-con e-parent\" data-id=\"3d903bd\" data-element_type=\"container\" data-e-type=\"container\" data-settings=\"{&quot;background_background&quot;:&quot;classic&quot;}\">\n\t\t\t\t\t<div class=\"e-con-inner\">\n\t\t\t\t<div class=\"elementor-element elementor-element-53c2d20 exad-sticky-section-no exad-glass-effect-no elementor-widget elementor-widget-heading\" data-id=\"53c2d20\" data-element_type=\"widget\" data-e-type=\"widget\" data-widget_type=\"heading.default\">\n\t\t\t\t<div class=\"elementor-widget-container\">\n\t\t\t\t\t<h2 class=\"elementor-heading-title elementor-size-default\">Musicoth\u00e9rapie pour la gestion des douleurs<\/h2>\t\t\t\t<\/div>\n\t\t\t\t<\/div>\n\t\t\t\t<div class=\"elementor-element elementor-element-b8cb47d exad-sticky-section-no exad-glass-effect-no elementor-widget elementor-widget-text-editor\" data-id=\"b8cb47d\" data-element_type=\"widget\" data-e-type=\"widget\" data-widget_type=\"text-editor.default\">\n\t\t\t\t<div class=\"elementor-widget-container\">\n\t\t\t\t\t\t\t\t\t<p>Le Dr St\u00e9phane GU\u00c9TIN, fondateur de la soci\u00e9t\u00e9 de Recherche et D\u00e9veloppement MUSIC CARE, d\u00e9finit la musicoth\u00e9rapie comme une m\u00e9thode de prise en charge de la douleur\u00a0; elle agit par une action physiologique, influen\u00e7ant directement les param\u00e8tres respiratoires, cardiaques, et h\u00e9modynamiques mais aussi psychologiques,\u00a0cr\u00e9ant une relation de soutien, d\u2019accompagnement et d\u2019\u00e9coute de la personne.<\/p><p>La musicoth\u00e9rapie<strong>\u00a0ne va pas gu\u00e9rir le patient.<\/strong>\u00a0 \u00ab\u00a0Elle l\u2019accompagne, le r\u00e9\u00e9duque et surtout am\u00e9liore sa qualit\u00e9 de vie. \u00a0La s\u00e9ance de musicoth\u00e9rapie peut avoir comme objectif th\u00e9rapeutique\u00a0<strong>le soulagement de la\u00a0<\/strong><a href=\"https:\/\/www.essentiel-sante-magazine.fr\/sante\/traitements-soins\/la-douleur-un-fleau-loin-detre-vaincu\"><strong>douleur<\/strong><\/a>\u00a0et ainsi venir en soutien des traitements m\u00e9dicamenteux\u00a0\u00bb. \u00a0Cette th\u00e9rapie peut aider \u00e0 mieux tol\u00e9rer un traitement. \u00a0L\u2019attention du malade va alors se d\u00e9porter ailleurs. \u00a0\u00ab\u00a0Le cerveau ne va plus se focaliser sur le sympt\u00f4me mais sur la musique\u00a0\u00bb.<\/p><p>Suivre les liens ci-dessous pour en savoir plus sur l\u2019art de se soigner par la musique\u00a0:<br \/><span style=\"color: #000080;\"><em><a style=\"color: #000080;\" href=\"https:\/\/www.musiclic.com\/blog\/se-soigner-par-la-musique.asp#:~:text=Gr%C3%A2ce%20%C3%A0%20son%20effet%20relaxant,plus%20courant%20dans%20les%20h%C3%B4pitaux.\" target=\"_blank\" rel=\"noopener\"><strong>La musique poss\u00e8de de nombreuses vertus. Elle permet entre autres de nous accompagner dans certains moments difficiles. <\/strong><\/a><\/em><\/span><br \/>Publi\u00e9 par Bertrand Goursolas le 14\/10\/2019 dans MUSICLIC.<\/p><p><span style=\"color: #000080;\"><em><a style=\"color: #000080;\" href=\"https:\/\/www.chuliege.be\/jcms\/c2_17624304\/de\/anesthesie-reanimation\/la-musicotherapie-une-pratique-qui-affecte-la-sante-positivement\" target=\"_blank\" rel=\"noopener\"><strong>https:\/\/www.chuliege.be\/jcms\/c2_17624304\/de\/anesthesie-reanimation\/la-musicotherapie-une-pratique-qui-affecte-la-sante-positivement<\/strong><\/a><\/em><\/span><u><em><span style=\"color: #0000ff;\">\u00a0<\/span><\/em><br \/><\/u>Publi\u00e9 sur le site du CHU de Li\u00e8ge, Avril 2018<\/p>\t\t\t\t\t\t\t\t<\/div>\n\t\t\t\t<\/div>\n\t\t\t\t<div class=\"elementor-element elementor-element-0746763 elementor-widget-divider--view-line exad-sticky-section-no exad-glass-effect-no elementor-widget elementor-widget-divider\" data-id=\"0746763\" data-element_type=\"widget\" data-e-type=\"widget\" data-widget_type=\"divider.default\">\n\t\t\t\t<div class=\"elementor-widget-container\">\n\t\t\t\t\t\t\t<div class=\"elementor-divider\">\n\t\t\t<span class=\"elementor-divider-separator\">\n\t\t\t\t\t\t<\/span>\n\t\t<\/div>\n\t\t\t\t\t\t<\/div>\n\t\t\t\t<\/div>\n\t\t\t\t<div class=\"elementor-element elementor-element-3784241 exad-sticky-section-no exad-glass-effect-no elementor-widget elementor-widget-text-editor\" data-id=\"3784241\" data-element_type=\"widget\" data-e-type=\"widget\" data-widget_type=\"text-editor.default\">\n\t\t\t\t<div class=\"elementor-widget-container\">\n\t\t\t\t\t\t\t\t\t<p>\tVous \u00eates ici:\n<span><span><a href=\"https:\/\/gesed.com\/\">Accueil<\/a><\/span><\/span><\/p>\t\t\t\t\t\t\t\t<\/div>\n\t\t\t\t<\/div>\n\t\t\t\t\t<\/div>\n\t\t\t\t<\/div>\n\t\t\t\t<\/div>\n\t\t","protected":false},"excerpt":{"rendered":"<p>Musicoth\u00e9rapie pour la gestion des douleurs Le Dr St\u00e9phane GU\u00c9TIN, fondateur de la soci\u00e9t\u00e9 de Recherche et D\u00e9veloppement MUSIC CARE, d\u00e9finit la musicoth\u00e9rapie comme une m\u00e9thode de prise en charge de la douleur\u00a0; elle agit par une action physiologique, influen\u00e7ant directement les param\u00e8tres respiratoires, cardiaques, et h\u00e9modynamiques mais aussi psychologiques,\u00a0cr\u00e9ant une relation de soutien, d\u2019accompagnement et d\u2019\u00e9coute de la personne. La musicoth\u00e9rapie\u00a0ne va pas gu\u00e9rir le patient.\u00a0 \u00ab\u00a0Elle l\u2019accompagne, le r\u00e9\u00e9duque et surtout am\u00e9liore sa qualit\u00e9 de vie. \u00a0La s\u00e9ance de musicoth\u00e9rapie peut avoir comme objectif th\u00e9rapeutique\u00a0le soulagement de la\u00a0douleur\u00a0et ainsi venir en soutien des traitements m\u00e9dicamenteux\u00a0\u00bb. \u00a0Cette th\u00e9rapie peut aider \u00e0 mieux tol\u00e9rer un traitement. \u00a0L\u2019attention du malade va alors se d\u00e9porter ailleurs. \u00a0\u00ab\u00a0Le cerveau ne va plus se focaliser sur le sympt\u00f4me mais sur la musique\u00a0\u00bb. Suivre les liens ci-dessous pour en savoir plus sur l\u2019art de se soigner par la musique\u00a0:La musique poss\u00e8de de nombreuses vertus. Elle permet entre autres de nous accompagner dans certains moments difficiles. Publi\u00e9 par Bertrand Goursolas le 14\/10\/2019 dans MUSICLIC. https:\/\/www.chuliege.be\/jcms\/c2_17624304\/de\/anesthesie-reanimation\/la-musicotherapie-une-pratique-qui-affecte-la-sante-positivement\u00a0Publi\u00e9 sur le site du CHU de Li\u00e8ge, Avril 2018<\/p>\n","protected":false},"author":1,"featured_media":0,"parent":1375,"menu_order":0,"comment_status":"closed","ping_status":"closed","template":"","meta":{"ocean_post_layout":"","ocean_both_sidebars_style":"","ocean_both_sidebars_content_width":0,"ocean_both_sidebars_sidebars_width":0,"ocean_sidebar":"","ocean_second_sidebar":"","ocean_disable_margins":"enable","ocean_add_body_class":"","ocean_shortcode_before_top_bar":"","ocean_shortcode_after_top_bar":"","ocean_shortcode_before_header":"","ocean_shortcode_after_header":"","ocean_has_shortcode":"","ocean_shortcode_after_title":"","ocean_shortcode_before_footer_widgets":"","ocean_shortcode_after_footer_widgets":"","ocean_shortcode_before_footer_bottom":"","ocean_shortcode_after_footer_bottom":"","ocean_display_top_bar":"off","ocean_display_header":"off","ocean_header_style":"minimal","ocean_center_header_left_menu":"","ocean_custom_header_template":"","ocean_custom_logo":0,"ocean_custom_retina_logo":0,"ocean_custom_logo_max_width":0,"ocean_custom_logo_tablet_max_width":0,"ocean_custom_logo_mobile_max_width":0,"ocean_custom_logo_max_height":0,"ocean_custom_logo_tablet_max_height":0,"ocean_custom_logo_mobile_max_height":0,"ocean_header_custom_menu":"","ocean_menu_typo_font_family":"","ocean_menu_typo_font_subset":"","ocean_menu_typo_font_size":0,"ocean_menu_typo_font_size_tablet":0,"ocean_menu_typo_font_size_mobile":0,"ocean_menu_typo_font_size_unit":"px","ocean_menu_typo_font_weight":"","ocean_menu_typo_font_weight_tablet":"","ocean_menu_typo_font_weight_mobile":"","ocean_menu_typo_transform":"","ocean_menu_typo_transform_tablet":"","ocean_menu_typo_transform_mobile":"","ocean_menu_typo_line_height":0,"ocean_menu_typo_line_height_tablet":0,"ocean_menu_typo_line_height_mobile":0,"ocean_menu_typo_line_height_unit":"","ocean_menu_typo_spacing":0,"ocean_menu_typo_spacing_tablet":0,"ocean_menu_typo_spacing_mobile":0,"ocean_menu_typo_spacing_unit":"","ocean_menu_link_color":"","ocean_menu_link_color_hover":"","ocean_menu_link_color_active":"","ocean_menu_link_background":"","ocean_menu_link_hover_background":"","ocean_menu_link_active_background":"","ocean_menu_social_links_bg":"","ocean_menu_social_hover_links_bg":"","ocean_menu_social_links_color":"","ocean_menu_social_hover_links_color":"","ocean_disable_title":"default","ocean_disable_heading":"default","ocean_post_title":"","ocean_post_subheading":"","ocean_post_title_style":"","ocean_post_title_background_color":"","ocean_post_title_background":0,"ocean_post_title_bg_image_position":"","ocean_post_title_bg_image_attachment":"","ocean_post_title_bg_image_repeat":"","ocean_post_title_bg_image_size":"","ocean_post_title_height":0,"ocean_post_title_bg_overlay":0.5,"ocean_post_title_bg_overlay_color":"","ocean_disable_breadcrumbs":"default","ocean_breadcrumbs_color":"","ocean_breadcrumbs_separator_color":"","ocean_breadcrumbs_links_color":"","ocean_breadcrumbs_links_hover_color":"","ocean_display_footer_widgets":"off","ocean_display_footer_bottom":"off","ocean_custom_footer_template":"","footnotes":""},"class_list":["post-4719","page","type-page","status-publish","hentry","entry"],"yoast_head":"<!-- This site is optimized with the Yoast SEO plugin v27.6 - https:\/\/yoast.com\/product\/yoast-seo-wordpress\/ -->\n<title>Musicoth\u00e9rapie pour la gestion des douleurs - Gesed<\/title>\n<meta name=\"robots\" content=\"index, follow, max-snippet:-1, max-image-preview:large, max-video-preview:-1\" \/>\n<link rel=\"canonical\" href=\"https:\/\/gesed.com\/index.php\/le-sed\/musicotherapie-pour-la-gestion-des-douleurs\/\" \/>\n<meta property=\"og:locale\" content=\"fr_FR\" \/>\n<meta property=\"og:type\" content=\"article\" \/>\n<meta property=\"og:title\" content=\"Musicoth\u00e9rapie pour la gestion des douleurs - Gesed\" \/>\n<meta property=\"og:description\" content=\"Musicoth\u00e9rapie pour la gestion des douleurs Le Dr St\u00e9phane GU\u00c9TIN, fondateur de la soci\u00e9t\u00e9 de Recherche et D\u00e9veloppement MUSIC CARE, d\u00e9finit la musicoth\u00e9rapie comme une m\u00e9thode de prise en charge de la douleur\u00a0; elle agit par une action physiologique, influen\u00e7ant directement les param\u00e8tres respiratoires, cardiaques, et h\u00e9modynamiques mais aussi psychologiques,\u00a0cr\u00e9ant une relation de soutien, d\u2019accompagnement et d\u2019\u00e9coute de la personne. La musicoth\u00e9rapie\u00a0ne va pas gu\u00e9rir le patient.\u00a0 \u00ab\u00a0Elle l\u2019accompagne, le r\u00e9\u00e9duque et surtout am\u00e9liore sa qualit\u00e9 de vie. \u00a0La s\u00e9ance de musicoth\u00e9rapie peut avoir comme objectif th\u00e9rapeutique\u00a0le soulagement de la\u00a0douleur\u00a0et ainsi venir en soutien des traitements m\u00e9dicamenteux\u00a0\u00bb. \u00a0Cette th\u00e9rapie peut aider \u00e0 mieux tol\u00e9rer un traitement. \u00a0L\u2019attention du malade va alors se d\u00e9porter ailleurs. \u00a0\u00ab\u00a0Le cerveau ne va plus se focaliser sur le sympt\u00f4me mais sur la musique\u00a0\u00bb. Suivre les liens ci-dessous pour en savoir plus sur l\u2019art de se soigner par la musique\u00a0:La musique poss\u00e8de de nombreuses vertus. Elle permet entre autres de nous accompagner dans certains moments difficiles. Publi\u00e9 par Bertrand Goursolas le 14\/10\/2019 dans MUSICLIC. https:\/\/www.chuliege.be\/jcms\/c2_17624304\/de\/anesthesie-reanimation\/la-musicotherapie-une-pratique-qui-affecte-la-sante-positivement\u00a0Publi\u00e9 sur le site du CHU de Li\u00e8ge, Avril 2018\" \/>\n<meta property=\"og:url\" content=\"https:\/\/gesed.com\/index.php\/le-sed\/musicotherapie-pour-la-gestion-des-douleurs\/\" \/>\n<meta property=\"og:site_name\" content=\"Gesed\" \/>\n<meta property=\"article:publisher\" content=\"https:\/\/www.facebook.com\/gesedasbl\" \/>\n<meta property=\"article:modified_time\" content=\"2024-09-25T07:45:48+00:00\" \/>\n<meta name=\"twitter:card\" content=\"summary_large_image\" \/>\n<meta name=\"twitter:label1\" content=\"Dur\u00e9e de lecture estim\u00e9e\" \/>\n\t<meta name=\"twitter:data1\" content=\"1 minute\" \/>\n<script type=\"application\/ld+json\" class=\"yoast-schema-graph\">{\"@context\":\"https:\\\/\\\/schema.org\",\"@graph\":[{\"@type\":\"WebPage\",\"@id\":\"https:\\\/\\\/gesed.com\\\/index.php\\\/le-sed\\\/musicotherapie-pour-la-gestion-des-douleurs\\\/\",\"url\":\"https:\\\/\\\/gesed.com\\\/index.php\\\/le-sed\\\/musicotherapie-pour-la-gestion-des-douleurs\\\/\",\"name\":\"Musicoth\u00e9rapie pour la gestion des douleurs - Gesed\",\"isPartOf\":{\"@id\":\"https:\\\/\\\/gesed.com\\\/#website\"},\"datePublished\":\"2024-09-24T12:00:35+00:00\",\"dateModified\":\"2024-09-25T07:45:48+00:00\",\"breadcrumb\":{\"@id\":\"https:\\\/\\\/gesed.com\\\/index.php\\\/le-sed\\\/musicotherapie-pour-la-gestion-des-douleurs\\\/#breadcrumb\"},\"inLanguage\":\"fr-FR\",\"potentialAction\":[{\"@type\":\"ReadAction\",\"target\":[\"https:\\\/\\\/gesed.com\\\/index.php\\\/le-sed\\\/musicotherapie-pour-la-gestion-des-douleurs\\\/\"]}]},{\"@type\":\"BreadcrumbList\",\"@id\":\"https:\\\/\\\/gesed.com\\\/index.php\\\/le-sed\\\/musicotherapie-pour-la-gestion-des-douleurs\\\/#breadcrumb\",\"itemListElement\":[{\"@type\":\"ListItem\",\"position\":1,\"name\":\"Accueil\",\"item\":\"https:\\\/\\\/gesed.com\\\/\"},{\"@type\":\"ListItem\",\"position\":2,\"name\":\"Le SED\",\"item\":\"https:\\\/\\\/gesed.com\\\/index.php\\\/le-sed\\\/\"},{\"@type\":\"ListItem\",\"position\":3,\"name\":\"Musicoth\u00e9rapie pour la gestion des douleurs\"}]},{\"@type\":\"WebSite\",\"@id\":\"https:\\\/\\\/gesed.com\\\/#website\",\"url\":\"https:\\\/\\\/gesed.com\\\/\",\"name\":\"Gesed\",\"description\":\"Groupe d&#039;Entraide des Syndr\u00f4mes d&#039;Ehlers-Danlos\",\"potentialAction\":[{\"@type\":\"SearchAction\",\"target\":{\"@type\":\"EntryPoint\",\"urlTemplate\":\"https:\\\/\\\/gesed.com\\\/?s={search_term_string}\"},\"query-input\":{\"@type\":\"PropertyValueSpecification\",\"valueRequired\":true,\"valueName\":\"search_term_string\"}}],\"inLanguage\":\"fr-FR\"}]}<\/script>\n<!-- \/ Yoast SEO plugin. -->","yoast_head_json":{"title":"Musicoth\u00e9rapie pour la gestion des douleurs - Gesed","robots":{"index":"index","follow":"follow","max-snippet":"max-snippet:-1","max-image-preview":"max-image-preview:large","max-video-preview":"max-video-preview:-1"},"canonical":"https:\/\/gesed.com\/index.php\/le-sed\/musicotherapie-pour-la-gestion-des-douleurs\/","og_locale":"fr_FR","og_type":"article","og_title":"Musicoth\u00e9rapie pour la gestion des douleurs - Gesed","og_description":"Musicoth\u00e9rapie pour la gestion des douleurs Le Dr St\u00e9phane GU\u00c9TIN, fondateur de la soci\u00e9t\u00e9 de Recherche et D\u00e9veloppement MUSIC CARE, d\u00e9finit la musicoth\u00e9rapie comme une m\u00e9thode de prise en charge de la douleur\u00a0; elle agit par une action physiologique, influen\u00e7ant directement les param\u00e8tres respiratoires, cardiaques, et h\u00e9modynamiques mais aussi psychologiques,\u00a0cr\u00e9ant une relation de soutien, d\u2019accompagnement et d\u2019\u00e9coute de la personne. La musicoth\u00e9rapie\u00a0ne va pas gu\u00e9rir le patient.\u00a0 \u00ab\u00a0Elle l\u2019accompagne, le r\u00e9\u00e9duque et surtout am\u00e9liore sa qualit\u00e9 de vie. \u00a0La s\u00e9ance de musicoth\u00e9rapie peut avoir comme objectif th\u00e9rapeutique\u00a0le soulagement de la\u00a0douleur\u00a0et ainsi venir en soutien des traitements m\u00e9dicamenteux\u00a0\u00bb. \u00a0Cette th\u00e9rapie peut aider \u00e0 mieux tol\u00e9rer un traitement. \u00a0L\u2019attention du malade va alors se d\u00e9porter ailleurs. \u00a0\u00ab\u00a0Le cerveau ne va plus se focaliser sur le sympt\u00f4me mais sur la musique\u00a0\u00bb. Suivre les liens ci-dessous pour en savoir plus sur l\u2019art de se soigner par la musique\u00a0:La musique poss\u00e8de de nombreuses vertus. Elle permet entre autres de nous accompagner dans certains moments difficiles. Publi\u00e9 par Bertrand Goursolas le 14\/10\/2019 dans MUSICLIC. https:\/\/www.chuliege.be\/jcms\/c2_17624304\/de\/anesthesie-reanimation\/la-musicotherapie-une-pratique-qui-affecte-la-sante-positivement\u00a0Publi\u00e9 sur le site du CHU de Li\u00e8ge, Avril 2018","og_url":"https:\/\/gesed.com\/index.php\/le-sed\/musicotherapie-pour-la-gestion-des-douleurs\/","og_site_name":"Gesed","article_publisher":"https:\/\/www.facebook.com\/gesedasbl","article_modified_time":"2024-09-25T07:45:48+00:00","twitter_card":"summary_large_image","twitter_misc":{"Dur\u00e9e de lecture estim\u00e9e":"1 minute"},"schema":{"@context":"https:\/\/schema.org","@graph":[{"@type":"WebPage","@id":"https:\/\/gesed.com\/index.php\/le-sed\/musicotherapie-pour-la-gestion-des-douleurs\/","url":"https:\/\/gesed.com\/index.php\/le-sed\/musicotherapie-pour-la-gestion-des-douleurs\/","name":"Musicoth\u00e9rapie pour la gestion des douleurs - Gesed","isPartOf":{"@id":"https:\/\/gesed.com\/#website"},"datePublished":"2024-09-24T12:00:35+00:00","dateModified":"2024-09-25T07:45:48+00:00","breadcrumb":{"@id":"https:\/\/gesed.com\/index.php\/le-sed\/musicotherapie-pour-la-gestion-des-douleurs\/#breadcrumb"},"inLanguage":"fr-FR","potentialAction":[{"@type":"ReadAction","target":["https:\/\/gesed.com\/index.php\/le-sed\/musicotherapie-pour-la-gestion-des-douleurs\/"]}]},{"@type":"BreadcrumbList","@id":"https:\/\/gesed.com\/index.php\/le-sed\/musicotherapie-pour-la-gestion-des-douleurs\/#breadcrumb","itemListElement":[{"@type":"ListItem","position":1,"name":"Accueil","item":"https:\/\/gesed.com\/"},{"@type":"ListItem","position":2,"name":"Le SED","item":"https:\/\/gesed.com\/index.php\/le-sed\/"},{"@type":"ListItem","position":3,"name":"Musicoth\u00e9rapie pour la gestion des douleurs"}]},{"@type":"WebSite","@id":"https:\/\/gesed.com\/#website","url":"https:\/\/gesed.com\/","name":"Gesed","description":"Groupe d&#039;Entraide des Syndr\u00f4mes d&#039;Ehlers-Danlos","potentialAction":[{"@type":"SearchAction","target":{"@type":"EntryPoint","urlTemplate":"https:\/\/gesed.com\/?s={search_term_string}"},"query-input":{"@type":"PropertyValueSpecification","valueRequired":true,"valueName":"search_term_string"}}],"inLanguage":"fr-FR"}]}},"publishpress_future_action":{"enabled":false,"date":"2026-05-20 14:15:05","action":"change-status","newStatus":"draft","terms":[],"taxonomy":"","extraData":[]},"publishpress_future_workflow_manual_trigger":{"enabledWorkflows":[]},"rttpg_featured_image_url":null,"rttpg_author":{"display_name":"YloGesed","author_link":"https:\/\/gesed.com\/index.php\/author\/admin2349\/"},"rttpg_comment":0,"rttpg_category":null,"rttpg_excerpt":"Musicoth\u00e9rapie pour la gestion des douleurs Le Dr St\u00e9phane GU\u00c9TIN, fondateur de la soci\u00e9t\u00e9 de Recherche et D\u00e9veloppement MUSIC CARE, d\u00e9finit la musicoth\u00e9rapie comme une m\u00e9thode de prise en charge de la douleur\u00a0; elle agit par une action physiologique, influen\u00e7ant directement les param\u00e8tres respiratoires, cardiaques, et h\u00e9modynamiques mais aussi psychologiques,\u00a0cr\u00e9ant une relation de soutien, d\u2019accompagnement\u2026","_links":{"self":[{"href":"https:\/\/gesed.com\/index.php\/wp-json\/wp\/v2\/pages\/4719","targetHints":{"allow":["GET"]}}],"collection":[{"href":"https:\/\/gesed.com\/index.php\/wp-json\/wp\/v2\/pages"}],"about":[{"href":"https:\/\/gesed.com\/index.php\/wp-json\/wp\/v2\/types\/page"}],"author":[{"embeddable":true,"href":"https:\/\/gesed.com\/index.php\/wp-json\/wp\/v2\/users\/1"}],"replies":[{"embeddable":true,"href":"https:\/\/gesed.com\/index.php\/wp-json\/wp\/v2\/comments?post=4719"}],"version-history":[{"count":30,"href":"https:\/\/gesed.com\/index.php\/wp-json\/wp\/v2\/pages\/4719\/revisions"}],"predecessor-version":[{"id":4913,"href":"https:\/\/gesed.com\/index.php\/wp-json\/wp\/v2\/pages\/4719\/revisions\/4913"}],"up":[{"embeddable":true,"href":"https:\/\/gesed.com\/index.php\/wp-json\/wp\/v2\/pages\/1375"}],"wp:attachment":[{"href":"https:\/\/gesed.com\/index.php\/wp-json\/wp\/v2\/media?parent=4719"}],"curies":[{"name":"wp","href":"https:\/\/api.w.org\/{rel}","templated":true}]}}